007799760?
0
What is the thousands digit of 4924119?
4
What is the hundred millions digit of 699534537?
6
What is the hundreds digit of 45587193?
1
What is the millions digit of 430008621?
0
What is the units digit of 4574550941?
1
What is the billions digit of 3277264487?
3
What is the units digit of 372267520?
0
What is the millions digit of 45434034?
5
What is the millions digit of 42046392?
2
What is the hundreds digit of 189187474?
4
What is the hundreds digit of 48064697?
6
What is the tens digit of 37444758?
5
What is the hundreds digit of 1721313810?
8
What is the ten thousands digit of 1649022166?
2
What is the units digit of 10615656?
6
What is the ten millions digit of 1500952588?
0
What is the units digit of 4581392411?
1
What is the millions digit of 366621375?
6
What is the hundreds digit of 416831114?
1
What is the hundred thousands digit of 490259339?
2
What is the hundred millions digit of 2637274712?
6
What is the thousands digit of 1707577254?
7
What is the hundred millions digit of 186742254?
1
What is the thousands digit of 834362286?
2
What is the units digit of 6094915228?
8
What is the tens digit of 13896790?
9
What is the ten thousands digit of 85883225?
8
What is the hundred thousands digit of 462695987?
6
What is the hundreds digit of 252791550?
5
What is the hundred millions digit of 2761625630?
7
What is the hundreds digit of 24712348?
3
What is the units digit of 817074695?
5
What is the units digit of 155846317?
7
What is the thousands digit of 168671643?
1
What is the tens digit of 813955865?
6
What is the hundred thousands digit of 791774192?
7
What is the hundred thousands digit of 127384780?
3
What is the thousands digit of 6199173106?
3
What is the millions digit of 8256474901?
6
What is the units digit of 102844371?
1
What is the tens digit of 1026090021?
2
What is the hundred millions digit of 875499589?
8
What is the billions digit of 1471843360?
1
What is the units digit of 81685078?
8
What is the thousands digit of 38781402?
1
What is the hundreds digit of 488540538?
5
What is the millions digit of 46932060?
6
What is the hundreds digit of 6290117?
1
What is the millions digit of 32638106?
2
What is the thousands digit of 76995542?
5
What is the hundred millions digit of 1123141614?
1
What is the hundreds digit of 9427170?
1
What is the units digit of 398219976?
6
What is the hundred millions digit of 234821059?
2
What is the hundreds digit of 2147234557?
5
What is the hundreds digit of 279128345?
3
What is the hundreds digit of 227870102?
1
What is the hundreds digit of 9679050?
0
What is the ten millions digit of 1367831213?
6
What is the tens digit of 815153144?
4
What is the ten millions digit of 3398144471?
9
What is the billions digit of 5804035914?
5
What is the units digit of 20817426?
6
What is the hundred millions digit of 109862861?
1
What is the thousands digit of 859945993?
5
What is the thousands digit of 98447485?
7
What is the tens digit of 1259263221?
2
What is the ten millions digit of 524625691?
2
What is the hundreds digit of 73300348?
3
What is the hundred thousands digit of 386379020?
3
What is the ten thousands digit of 8471171?
7
What is the tens digit of 2679840788?
8
What is the units digit of 36686304?
4
What is the hundreds digit of 57212662?
6
What is the billions digit of 1463714548?
1
What is the ten millions digit of 7417522092?
1
What is the hundreds digit of 119149837?
8
What is the thousands digit of 573004540?
4
What is the thousands digit of 46579687?
9
What is the millions digit of 3888972307?
8
What is the millions digit of 174549435?
4
What is the ten thousands digit of 1022580323?
8
What is the tens digit of 14739400?
0
What is the hundred thousands digit of 385801859?
8
What is the thousands digit of 5179086350?
6
What is the ten thousands digit of 207283332?
8
What is the ten millions digit of 21811842?
2
What is the ten millions digit of 584215483?
8
What is the tens digit of 1953254217?
1
What is the millions digit of 102326051?
2
What is the hundreds digit of 12156004?
0
What is the ten millions digit of 151579294?
5
What is the billions digit of 4021842573?
4
What is the thousands digit of 13037441?
7
What is the tens digit of 68347947?
4
What is the ten thousands digit of 1574612?
7
What is the units digit of 113530979?
9
What is the ten millions digit of 3145365933?
4
What is the units digit of 1454890856?
6
What is the units digit of 631935589?
9
What is the ten millions digit of 257431713?
5
What is the ten millions digit of 1934227706?
3
What is the millions digit of 345649151?
5
What is the ten thousands digit of 929534568?
3
What is the tens digit of 792881368?
6
What is the hundred millions digit of 455645559?
4
What is the hundred thousands digit of 67147110?
1
What is the units digit of 86127132?
2
What is the ten millions digit of 1324461525?
2
What is the hundred thousands digit of 4935521174?
5
What is the units digit of 930990832?
2
What is the hundred thousands digit of 192127073?
1
What is the hundred thousands digit of 357816311?
8
What is the ten thousands digit of 120081950?
8
What is the units digit of 648762691?
1
What is the hundred millions digit of 7302381415?
3
What is the tens digit of 79329076?
7
What is the tens digit of 181101795?
9
What is the millions digit of 55286844?
5
What is the units digit of 215952457?
7
What is the hundred thousands digit of 1165865616?
8
What is the ten millions digit of 129671413?
2
What is the hundreds digit of 2188698457?
4
What is the hundred millions digit of 741924661?
7
What is the ten thousands digit of 528366175?
6
What is the hundred thousands digit of 171468618?
4
What is the millions digit of 74129283?
4
What is the tens digit of 1108927076?
7
What is the ten thousands digit of 48922444?
2
What is the tens digit of 463072348?
4
What is the hundred thousands digit of 18537602?
5
What is the hundred thousands digit of 407036507?
0
What is the hundred thousands digit of 760743577?
7
What is the units digit of 42621845?
5
What is the millions digit of 281697802?
1
What is the hundreds digit of 195764924?
9
What is the tens digit of 30236493?
9
What is the thousands digit of 199421636?
1
What is the tens digit of 63545883?
8
What is the thousands digit of 255121611?
1
What is the hundreds digit of 68291130?
1
What is the millions digit of 698467682?
8
What is the hundred millions digit of 695911888?
6
What is the millions digit of 23693889?
3
What is the hundred thousands digit of 196053262?
0
What is the units digit of 94067479?
9
What is the thousands digit of 30284618?
4
What is the millions digit of 112701500?
2
What is the hundred thousands digit of 4160230856?
2
What is the units digit of 726656910?
0
What is the ten millions digit of 739491749?
3
What is the thousands digit of 3059153458?
3
What is the millions digit of 243896596?
3
What is the hundreds digit of 495861596?
5
What is the thousands digit of 4976287147?
7
What is the tens digit of 5091918477?
7
What is the hundred thousands digit of 71893368?
8
What is the ten millions digit of 19714150?
1
What is the ten millions digit of 33705173?
3
What is the hundred millions digit of 5173239068?
1
What is the hundred thousands digit of 436493622?
4
What is the hundred thousands digit of 50402298?
4
What is the thousands digit of 1056506753?
6
What is the millions digit of 173546444?
3
What is the hundreds digit of 450447478?
4
What is the ten thousands digit of 1277476774?
7
What is the units digit of 10140416?
6
What is the thousands digit of 148155063?
5
What is the hundreds digit of 35644006?
0
What is the tens digit of 66815231?
3
What is the hundreds digit of 349182622?
6
What is the units digit of 36671900?
0
What is the hundred thousands digit of 76797595?
7
What is the hundred thousands digit of 46407507?
4
What is the millions digit of 88509947?
8
What is the hundred millions digit of 588760409?
5
What is the units digit of 126174076?
6
What is the hundreds digit of 249221383?
3
What is the units digit of 10840843?
3
What is the tens digit of 172402252?
5
What is the units digit of 610307081?
1
What is the ten thousands digit of 385873847?
7
What is the ten thousands digit of 9409352074?
5
What is the billions digit of 72